e remainder when 440725 is divided by 265.
30
What is the remainder when 59214358 is divided by 162?
118
Calculate the remainder when 11059724 is divided by 232.
52
Calculate the remainder when 281820 is divided by 2718.
1866
Calculate the remainder when 96965901 is divided by 49.
46
Calculate the remainder when 17574661 is divided by 650913.
10
Calculate the remainder when 8738701 is divided by 14.
13
Calculate the remainder when 226798 is divided by 56632.
270
What is the remainder when 6622102 is divided by 2863?
2846
Calculate the remainder when 66122609 is divided by 215.
4
What is the remainder when 45260 is divided by 2136?
404
What is the remainder when 1880104 is divided by 392?
72
What is the remainder when 1064414 is divided by 81874?
52
Calculate the remainder when 328058 is divided by 46860.
38
What is the remainder when 939500 is divided by 1853?
29
Calculate the remainder when 183616 is divided by 60748.
1372
Calculate the remainder when 162426 is divided by 96.
90
Calculate the remainder when 2291019 is divided by 2290946.
73
What is the remainder when 572773 is divided by 4869?
3100
What is the remainder when 4723 is divided by 892?
263
Calculate the remainder when 26505 is divided by 26337.
168
Calculate the remainder when 5195409 is divided by 9.
6
Calculate the remainder when 27118513 is divided by 683.
681
Calculate the remainder when 1200898389 is divided by 590.
589
Calculate the remainder when 15440939 is divided by 149912.
3
What is the remainder when 1510216 is divided by 1510199?
17
What is the remainder when 107718218 is divided by 1267273?
13
Calculate the remainder when 1753191 is divided by 1724.
1607
What is the remainder when 146716 is divided by 48724?
544
What is the remainder when 76415 is divided by 990?
185
What is the remainder when 31890 is divided by 7857?
462
What is the remainder when 5699 is divided by 2058?
1583
What is the remainder when 122617 is divided by 363?
286
Calculate the remainder when 53153 is divided by 53131.
22
What is the remainder when 520436 is divided by 6682?
5922
What is the remainder when 11267115 is divided by 11267087?
28
Calculate the remainder when 97840 is divided by 32312.
904
What is the remainder when 448521 is divided by 1536?
9
Calculate the remainder when 2543140 is divided by 8125.
15
Calculate the remainder when 76552422 is divided by 635.
632
What is the remainder when 23591720 is divided by 499?
497
What is the remainder when 2620345 is divided by 9494?
1
What is the remainder when 249843 is divided by 62045?
1663
What is the remainder when 211608 is divided by 171?
81
What is the remainder when 1461677 is divided by 98?
7
Calculate the remainder when 6080517 is divided by 76.
61
Calculate the remainder when 399633723 is divided by 19.
16
Calculate the remainder when 3255266 is divided by 2032.
2
What is the remainder when 778709 is divided by 17304?
29
Calculate the remainder when 20876 is divided by 188.
8
Calculate the remainder when 54527519 is divided by 111054.
5
What is the remainder when 134440 is divided by 22021?
2314
What is the remainder when 815033 is divided by 103?
97
Calculate the remainder when 2529392 is divided by 47.
40
What is the remainder when 22355 is divided by 385?
25
What is the remainder when 3358127 is divided by 226?
219
What is the remainder when 160639931 is divided by 98?
95
Calculate the remainder when 2537855 is divided by 25.
5
What is the remainder when 6742370 is divided by 4?
2
Calculate the remainder when 30873243 is divided by 37.
36
What is the remainder when 1459574 is divided by 117?
116
Calculate the remainder when 5322294 is divided by 1064458.
4
What is the remainder when 406323 is divided by 6270?
5043
Calculate the remainder when 304956768 is divided by 27723340.
28
What is the remainder when 11871 is divided by 9547?
2324
What is the remainder when 697242 is divided by 29050?
42
What is the remainder when 448292553 is divided by 4698?
4695
Calculate the remainder when 23443682 is divided by 19.
0
What is the remainder when 158935 is divided by 79467?
1
Calculate the remainder when 142091 is divided by 193.
43
What is the remainder when 4510 is divided by 1269?
703
What is the remainder when 92186 is divided by 82?
18
Calculate the remainder when 3413761 is divided by 6720.
1
What is the remainder when 347043 is divided by 114618?
3189
Calculate the remainder when 43328730 is divided by 54.
48
What is the remainder when 3369781 is divided by 2061?
46
Calculate the remainder when 2951171 is divided by 1434.
1433
Calculate the remainder when 146410 is divided by 1749.
1243
What is the remainder when 6811226 is divided by 37?
7
Calculate the remainder when 19191806 is divided by 6946.
8
What is the remainder when 212957 is divided by 4017?
56
Calculate the remainder when 14413184 is divided by 257.
110
What is the remainder when 940434 is divided by 255?
249
What is the remainder when 1807807 is divided by 242?
67
Calculate the remainder when 530578 is divided by 739.
715
What is the remainder when 114876 is divided by 57382?
112
What is the remainder when 5029099 is divided by 312?
283
What is the remainder when 2409044 is divided by 138?
116
Calculate the remainder when 1129316 is divided by 49.
13
What is the remainder when 260394 is divided by 1540?
134
Calculate the remainder when 11188193 is divided by 6430.
6423
Calculate the remainder when 3980733 is divided by 67.
62
Calculate the remainder when 310666 is divided by 512.
394
What is the remainder when 67134762 is divided by 29151?
9
Calculate the remainder when 318116 is divided by 138.
26
Calculate the remainder when 87370 is divided by 43513.
344
What is the remainder when 303598 is divided by 568?
286
What is the remainder when 296602 is divided by 225?
52
What is the remainder when 1379199 is divided by 1684?
3
Calculate the remainder when 2693019 is divided by 832.
667
What is the remainder when 10452780 is divided by 89?
86
What is the remainder when 655640 is divided by 1395?
1385
What is the remainder when 669297 is divided by 178?
17
What is the remainder when 1999782 is divided by 333296?
6
Calculate the remainder when 92011 is divided by 440.
51
Calculate the remainder when 30211 is divided by 1048.
867
Calculate the remainder when 23735933 is divided by 8930.
8923
Calculate the remainder when 1475217 is divided by 82.
37
Calculate the remainder when 163334 is divided by 9602.
100
Calculate the remainder when 17940461 is divided by 182.
175
Calculate the remainder when 15121985 is divided by 313.
16
What is the remainder when 8271228 is divided by 827122?
8
Calculate the remainder when 43414 is divided by 100.
14
What is the remainder when 11266494 is divided by 845?
109
Calculate the remainder when 283082 is divided by 93941.
1259
What is the remainder when 1340051758 is divided by 36?
34
What is the remainder when 672082 is divided by 28003?
10
Calculate the remainder when 64625438 is divided by 53.
47
What is the remainder when 2094044 is divided by 792?
788
Calculate the remainder when 2798467 is divided by 81.
79
Calculate the remainder when 84990 is divided by 14146.
114
What is the remainder when 753143 is divided by 232?
71
Calculate the remainder when 99848093 is divided by 366.
365
What is the remainder when 162717 is divided by 33?
27
Calculate the remainder when 180751 is divided by 396.
175
Calculate the remainder when 83985 is divided by 1669.
535
Calculate the remainder when 454905 is divided by 239.
88
What is the remainder when 478305 is divided by 1217?
24
What is the remainder when 88871285 is divided by 21?
20
What is the remainder when 28036669 is divided by 14018290?
89
What is the remainder when 3724348 is divided by 10?
8
What is the remainder when 681106 is divided by 681048?
58
Calculate the remainder when 3997204 is divided by 2699.
2684
Calculate the remainder when 51724 is divided by 12705.
904
Calculate the remainder when 951694 is divided by 150.
94
What is the remainder when 4724784 is divided by 2475?
9
Calculate the remainder when 324385 is divided by 40481.
537
What is the remainder when 19942033 is divided by 39?
7
Calculate the remainder when 1429823 is divided by 54.
11
Calculate the remainder when 3708321